175. Let u = -23 - k. What is the tens digit of u?
1
Suppose -5*q = 8*r - 3*r - 275, 3*q = 3*r - 147. What is the units digit of r?
2
Suppose -w + 12 = -5*w. Let m(x) = -x**2 - 3*x + 3. What is the units digit of m(w)?
3
Let x = -6 - -1. Let u(z) = z**2 - 2*z - 6. Let k be u(5). Let w = x + k. What is the units digit of w?
4
Suppose 2*m + 5 = -2*d - 3*m, -d + 5*m = -20. Let o = d - 9. What is the units digit of ((-28)/35)/(o/70)?
4
Suppose 0*w + 19 = n - w, -5*n = -w - 111. What is the units digit of n?
3
Let h(r) = -28*r - 1. Let q be h(2). What is the units digit of 2/8 - q/12?
5
Let k = 24 - 6. Suppose 0 = -3*d - 2*r - 9, -d - k = 2*d - r. Let f = -3 - d. What is the units digit of f?
2
Let n(z) = -32*z**3 + z**2. What is the tens digit of n(-1)?
3
Let k be ((-20)/8)/((-2)/4). Suppose 25 = -5*x, 4*p - k*x - 55 = -2*x. Let c = p - 6. What is the units digit of c?
4
Suppose -4 = b + b. Suppose 6*d - 3*d = -18. What is the units digit of d/4*b/3?
1
Let f(i) = i**2 - 8*i + 5. Let o(v) = -4*v**3 - v. Let b be o(-1). Suppose 0 = b*y - y - 32. What is the units digit of f(y)?
5
Suppose -2*m = -5*m + 24. Suppose -b = 3*b - m. What is the units digit of b?
2
What is the units digit of 389/3 - 1*(-1)/3?
0
Suppose -5*s + 32 = -13. Suppose 0*m - s = -3*m. Suppose 0 = -4*c - 4*u + 12, -4*c + c + m*u = -39. What is the units digit of c?
8
Suppose 0*t = -t + g + 23, -3*g = -2*t + 47. Let j = 56 - t. What is the tens digit of j?
3
Suppose 5*j + 15 = 0, s + 3*j = 3*s + 3. Let d = -3 - s. Suppose -i = -5*i + d*w + 13, i = 2*w + 2. What is the units digit of i?
4
Let i(f) = f**2 + 9*f - 8. Let k be i(-10). What is the tens digit of (-3)/k*(-312)/36?
1
Let b(h) = -3*h - 1. Let c be b(-1). Let k be 2/1 + c/(-1). Suppose -5*d + 9 + 31 = y, -2*d + 4*y + 16 = k. What is the units digit of d?
8
Suppose 8 = 6*x - 2*x. Let s be (-3)/(-6)*8/x. Let q(b) = b + 2. What is the units digit of q(s)?
4
What is the tens digit of (-3876)/(-36) + (1/(-3))/(-1)?
0
Let m = -132 + 223. What is the tens digit of m?
9
Let p(g) = g**3 - 7*g**2 + 7*g + 2. Let h be p(5). Let j = h - -25. What is the units digit of j/(-4) + (-1 - -15)?
1
Let r(d) = -5*d - 2. Let b be 0 - (4 + 6/(-3)). What is the units digit of r(b)?
8
What is the tens digit of -102*(-1)/(-9)*-3?
3
Let g(r) = -27*r - 1. What is the units digit of g(-1)?
6
Let x(k) = 10*k**2 - 4*k - 8. What is the units digit of x(6)?
8
Let r(i) = i**2 - 5*i + 15. What is the tens digit of r(6)?
2
Let v(t) = -3*t + 2. What is the tens digit of v(-10)?
3
Let s(u) = -362*u - 2. What is the hundreds digit of s(-1)?
3
Let t = 33 - -32. What is the units digit of t?
5
Suppose -3*v + 20 = -3*x + 2, 2*v - 4*x = 14. Suppose 5*k + 0 = v. What is the units digit of ((-7)/((-7)/6))/k?
6
Let j(c) = -c**2 + 11*c. What is the units digit of j(10)?
0
Let m = -35 - -118. What is the tens digit of m?
8
Let x = -3 + 9. Let v be (-12)/9*x/(-4). Suppose -2*m = v*m - 40. What is the tens digit of m?
1
Let i(g) = g**2 + 3*g - 6. Let r be i(-5). Suppose -r*n + 2 + 10 = 0. Suppose 2 = -j + n. What is the units digit of j?
1
Let w = 2 + -2. Suppose 5 + 5 = 4*p - c, w = -p - 2*c + 7. Suppose 5*q + 0*q + n - 30 = 0, -3*q + 18 = -p*n. What is the units digit of q?
6
Let n(i) be the second derivative of i**4/6 + 4*i**3/3 + 3*i**2/2 - 7*i. What is the units digit of n(-5)?
3
Suppose -3*c = 4*y - 6, -3*y = 2*c + 2*c - 1. What is the units digit of (-1)/2*c - -1?
2
Suppose b - 25 = 4*d, 2*d - 5*d + 24 = 4*b. What is the units digit of b?
9
Let b(q) be the third derivative of -q**2 + 1/3*q**3 + 0 + 0*q - 1/24*q**4. What is the units digit of b(-2)?
4
Let n be -3 + 3 + -7 - 0. Suppose 23 + 9 = 2*s. Let b = n + s. What is the units digit of b?
9
Let j = -5 - -9. Suppose c - f + 5 = -7, 3*c = -5*f + j. Let y = c + 12. What is the units digit of y?
5
Suppose -5*f + 18 = -2*u, -u + 2*f - 3 = f. Suppose -12 = 2*p + 3*s, -5*p - 5*s = -4*s + 17. What is the units digit of 2 + p*u/(-3)?
3
Suppose -12 = 4*m, -2*i + 3*m = -5*i + 126. What is the units digit of i?
5
Let a = 71 - 32. What is the tens digit of a?
3
Suppose -30 = -5*w - 3*t - t, -25 = -5*t. What is the units digit of 1*(w + -2 - -2)?
2
Suppose -3*l - 330 = 2*l. What is the units digit of (l/4)/3*-2?
1
Suppose 4*s = -16 + 52. Suppose -32 = s*g - 11*g. What is the tens digit of g?
1
Let j(o) be the third derivative of o**5/12 + o**4/8 + o**3/3 + 2*o**2. What is the units digit of j(-2)?
6
Let y(t) = -t**3 - t + 2. Let z be y(0). What is the units digit of z/3 - (-232)/12?
0
Let o = 45 + -30. Suppose 12*f = o*f - 39. What is the units digit of f?
3
Let t = 40 - -5. What is the tens digit of t?
4
Let v be (6/10)/((-10)/(-50)). What is the tens digit of 5*v*(-16)/(-15)?
1
Let k(b) = 38*b - 40. What is the units digit of k(5)?
0
Let o(m) = m + 1. Let d be o(-2). Let w = d + 2. What is the units digit of w?
1
Let s = 49 + -18. What is the units digit of s?
1
Let q(m) = 3*m**3 + 6*m**2 - 4*m + 5. Let v(w) = 16*w**3 + 31*w**2 - 21*w + 24. Let c(y) = -11*q(y) + 2*v(y). What is the units digit of c(-5)?
8
Let y(u) = -2*u - 1. Let s be y(4). Let k = s + 9. Suppose k = 2*p - 1 - 9. What is the units digit of p?
5
Suppose -172*m = -173*m + 42. What is the units digit of m?
2
Let m(j) be the second derivative of j**6/360 - j**5/120 + j**4/4 + j. Let d(w) be the third derivative of m(w). What is the units digit of d(3)?
5
Let j(d) = d - 6. Let r be j(8). Suppose -15 - 23 = -r*l. What is the tens digit of l?
1
Let g = -5 + 9. Suppose l - 17 = -4*m, g*m - m = -2*l + 49. What is the units digit of l?
9
Let j(k) = -16*k**2 - 6*k + 4. Let x(c) = 3*c**2 + c - 1. Let h(d) = 2*j(d) + 11*x(d). What is the units digit of h(-4)?
7
Let x = -133 - -68. What is the units digit of 2*1*x/(-10)?
3
Suppose 100*w - 312 = 96*w. What is the tens digit of w?
7
What is the units digit of (0 - (-41)/(-3))*-3?
1
Suppose 0 = -3*k - 5*a + 662, -5*k = -0*k - a - 1150. What is the hundreds digit of k?
2
Let w = -31 + 46. What is the units digit of w?
5
Let r(x) = 2*x**3 + 12*x**2 - 7*x + 4. What is the units digit of r(-6)?
6
Let m be -22*1*(-3 - -4). Let d = m - -37. What is the units digit of d?
5
Let c(k) = 3*k**2 + k + 1. Suppose 2*j = 2 - 4. Let r be c(j). What is the tens digit of 2/r + (-204)/(-18)?
1
Suppose -2*t + 47 + 435 = 0. What is the tens digit of t?
4
Suppose -w = 5*j + 37, 3*w + 28 = -2*j + 7*w. Let x(u) be the third derivative of u**5/60 + u**4/4 - 11*u**3/6 + u**2. What is the units digit of x(j)?
5
Let k = -11 + 9. What is the tens digit of (112/21)/(k/(-6))?
1
Suppose -5*i + 6*i + 5 = 0. Let t = 17 + i. What is the units digit of t?
2
Let s be 0/1*(-2)/4. Let y(v) = v + 0*v + s*v - 3. What is the units digit of y(4)?
1
Let f = -11 - -15. Suppose -1 + 21 = f*v. Suppose v*l = 44 - 9. What is the units digit of l?
7
Let k(p) = -2*p - 3. Let a(x) = 1. Let m(t) = -a(t) + k(t). What is the units digit of m(-5)?
6
Suppose -2*i - 3*u + 0*u + 6 = 0, i = -2*u + 5. Let j(h) = 4*h**2 - 3. Let w(y) = -7*y**2 + 5. Let t(d) = -5*j(d) - 3*w(d). What is the units digit of t(i)?
9
Suppose -3*j + 4 + 2 = 0. Let w(q) be the third derivative of q**5/60 + q**3/6 - 2*q**2. What is the units digit of w(j)?
5
Let a(r) = r**3 + 4*r**2 - 7*r + 2. Let v = -12 - -7. What is the tens digit of a(v)?
1
What is the tens digit of 10/4*(-1498)/(-35)?
0
Let v = 1081 + -767. What is the units digit of v?
4
Suppose 0 = w + 3*w. Suppose w*f + 25 = 5*f. Suppose -f*i = -5*c + 40, c - 20 = -c + 3*i. What is the units digit of c?
4
Let b be (-3)/6 + (-313)/(-2). Let w = b + -62. What is the units digit of 4/14 + w/14?
7
Suppose 0 - 20 = -2*g. What is the units digit of g?
0
Let x(z) = -z**2 + 11*z + 3. Let a be x(14). Let v = a - -80. What is the tens digit of v?
4
Let l(r) = r**2 - 8*r + 9. Let w(j) = 1. Let o(x) = -l(x) + w(x). Let a be o(6). What is the units digit of (a/3)/(1/3)?
4
Suppose 0 = -k - 4*j + 10, k - 3*j + 10 = 2*k. Suppose -3*o - 2 - 19 = 0. Let h = o + k. What is the units digit of h?
3
Let s be -2 + 0 + (-1 - -1). Let r = 1 + s. Let w = r + 2. What is the units digit of w?
1
What is the units digit of 7 + -1 + 0/3?
6
Suppose 0 = -6*b + 3*b - 174. What is the units digit of (b/(-4))/(1/2)?
9
What is the units digit of (-837)/6*-4*(-1)/(-2)?
9
Let z = 8 + -2. Le